tor of 17 and 56626303.
17
Calculate the highest common divisor of 640 and 182912.
128
Calculate the greatest common divisor of 155624 and 22148.
196
Calculate the highest common factor of 2782 and 2366626.
214
What is the greatest common factor of 200 and 1446328900?
100
Calculate the highest common divisor of 1547 and 2144233.
91
Calculate the greatest common factor of 162991604 and 692.
692
Calculate the greatest common divisor of 162 and 318236634.
54
What is the greatest common divisor of 82 and 2185404386?
82
Calculate the highest common factor of 38510 and 10570.
10
Calculate the highest common divisor of 9812 and 373089035.
2453
What is the highest common factor of 7165403 and 9513?
1057
What is the highest common factor of 4500 and 144198?
18
What is the highest common factor of 286 and 688666?
22
Calculate the highest common divisor of 223077 and 1483523.
1219
Calculate the greatest common factor of 23949070 and 5.
5
What is the greatest common factor of 25461824 and 64?
64
What is the highest common factor of 73326 and 54?
6
What is the highest common factor of 20334 and 254568?
6
Calculate the greatest common divisor of 4123545 and 2350.
235
Calculate the highest common factor of 46258 and 16766.
202
Calculate the highest common divisor of 1178 and 4426.
2
What is the greatest common factor of 2 and 36771862?
2
Calculate the highest common factor of 134375527 and 932.
233
Calculate the greatest common divisor of 3245395 and 25.
5
What is the greatest common divisor of 51205894 and 5758?
5758
What is the highest common factor of 53040 and 140400?
3120
Calculate the greatest common factor of 10947927 and 1842.
921
Calculate the greatest common divisor of 199928 and 1684.
4
What is the highest common factor of 34 and 11451761?
17
Calculate the greatest common divisor of 350444270 and 330.
110
Calculate the greatest common divisor of 154893771 and 582.
291
What is the greatest common factor of 4501 and 1757?
7
What is the highest common factor of 1027747 and 17507?
287
What is the greatest common divisor of 8699397 and 399?
399
What is the highest common divisor of 169488 and 25146?
198
What is the greatest common factor of 204867654 and 18?
6
What is the greatest common factor of 35800 and 112400?
200
Calculate the greatest common factor of 6385521 and 834.
417
What is the highest common factor of 157191 and 412683?
453
What is the greatest common divisor of 5356744 and 2971856?
5288
What is the greatest common divisor of 176145717 and 99?
33
What is the highest common divisor of 52666537 and 1881?
209
What is the greatest common divisor of 504 and 10735272?
72
What is the highest common divisor of 25296564 and 60?
12
Calculate the greatest common factor of 75984723 and 81.
81
What is the greatest common factor of 2472 and 1250880?
24
What is the highest common divisor of 290587765 and 130?
65
What is the highest common factor of 7424 and 26061696?
128
Calculate the highest common divisor of 37373 and 19262831.
1967
Calculate the highest common divisor of 70457283 and 676.
169
What is the highest common divisor of 53480 and 1422950?
1910
Calculate the highest common factor of 800893 and 2059.
29
What is the highest common divisor of 27 and 25713918?
9
What is the greatest common factor of 43013427 and 69?
69
What is the greatest common divisor of 72 and 501736?
8
Calculate the greatest common factor of 102 and 603429093.
51
What is the greatest common factor of 37808 and 10546069?
2363
What is the greatest common factor of 754 and 1104378?
58
What is the greatest common factor of 13082 and 1505274?
422
Calculate the greatest common divisor of 303945140 and 2260.
2260
What is the greatest common divisor of 3348 and 12060054?
558
What is the greatest common factor of 46 and 158111913?
23
Calculate the greatest common divisor of 3258073 and 1157.
13
Calculate the greatest common divisor of 683151 and 119.
7
Calculate the greatest common divisor of 7287865 and 143.
13
What is the highest common divisor of 646 and 10500464?
38
What is the highest common divisor of 1958 and 1903682?
22
Calculate the highest common factor of 9 and 14344791.
3
Calculate the highest common divisor of 37877744 and 112.
16
What is the greatest common factor of 2884188 and 148?
4
What is the highest common factor of 487259 and 3326?
1663
What is the greatest common factor of 70168 and 22870472?
1432
What is the highest common factor of 7553 and 108563?
91
Calculate the highest common divisor of 10 and 1770190.
10
Calculate the greatest common factor of 8497881 and 98.
7
Calculate the highest common divisor of 6527 and 9210512.
61
Calculate the highest common divisor of 169313 and 353.
1
Calculate the greatest common factor of 12285820 and 50.
10
What is the highest common factor of 236531 and 181366?
59
Calculate the highest common factor of 1384 and 1709370788.
692
Calculate the greatest common factor of 29003 and 6106247.
2231
Calculate the greatest common divisor of 2417276 and 44.
4
Calculate the highest common divisor of 34206 and 7463.
1
Calculate the highest common factor of 854 and 466894.
122
What is the highest common factor of 446019912 and 189?
27
Calculate the greatest common factor of 5291 and 45291922.
481
What is the highest common divisor of 349680 and 1289680?
3760
What is the greatest common factor of 113152 and 70208?
64
Calculate the greatest common factor of 168 and 4534341.
21
What is the greatest common factor of 425742912 and 2196?
2196
Calculate the greatest common divisor of 1239575 and 237175.
4475
Calculate the greatest common divisor of 23776 and 1830009.
743
Calculate the greatest common factor of 12859010 and 380.
190
What is the highest common divisor of 13832 and 1208704?
1064
Calculate the greatest common divisor of 10772722 and 122.
122
Calculate the highest common factor of 1667127 and 22869.
231
Calculate the highest common divisor of 45 and 193802940.
45
Calculate the greatest common divisor of 2667 and 1106616.
21
Calculate the greatest common divisor of 1089727232 and 44.
44
What is the greatest common factor of 166964 and 812036?
356
What is the highest common divisor of 15328256 and 3072?
1024
Calculate the highest common factor of 42098 and 9982.
434
What is the greatest common divisor of 5023350 and 45900?
1350
What is the greatest common divisor of 39887568 and 882?
882
Calculate the greatest common divisor of 3718220 and 6160.
220
Calculate the highest common divisor of 553 and 193103729.
553
What is the greatest common divisor of 7619 and 863569?
19
Calculate the highest common factor of 642123 and 18.
9
What is the highest common divisor of 208 and 407568?
16
Calculate the highest common divisor of 160 and 6374352.
16
Calculate the highest common factor of 31571583 and 2901.
2901
What is the highest common divisor of 3 and 1513616706?
3
What is the greatest common divisor of 38926785 and 77055?
7005
Calculate the greatest common divisor of 3632 and 7891428.
908
Calculate the highest common factor of 98318 and 285934.
902
What is the greatest common divisor of 11191 and 33600797?
361
Calculate the highest common divisor of 368 and 488044.
4
Calculate the greatest common factor of 8506987 and 1472.
23
Calculate the greatest common divisor of 440 and 1774410.
110
What is the greatest common divisor of 1093 and 269223388?
1093
Calculate the greatest common divisor of 332984 and 4815.
107
What is the greatest common factor of 25465454 and 5650?
226
Calculate the highest common divisor of 17533191 and 156.
39
What is the highest common divisor of 73396720 and 80?
80
What is the greatest common factor of 26396989 and 1189?
1189
What is the greatest common divisor of 43612560 and 54?
54
Calculate the highest common factor of 7478147 and 4828.
17
What is the greatest common divisor of 570 and 3690945?
15
Calculate the greatest common factor of 12 and 13854812.
4
What is the greatest common factor of 4356 and 43953492?
1452
What is the highest common divisor of 4351045714 and 142?
142
Calculate the highest common divisor of 145364715 and 135.
45
Calculate the greatest common factor of 70912075 and 13.
13
What is the highest common divisor of 15060 and 71450?
10
What is the greatest common divisor of 193542714 and 1476?
